
Is 46049 a prime number?
True
Is 25007 prime?
False
Is 773159 prime?
True
Is 553 prime?
False
Is 328661 a composite number?
True
Is 126505 composite?
True
Is 74077 a prime number?
True
Is 55643 a composite number?
True
Is 210389 prime?
False
Is 113537 a prime number?
True
Is 3894895 prime?
False
Is 71983 a composite number?
False
Is 398 a prime number?
False
Is 61001 composite?
False
Is 10639 composite?
False
Is 1361 a prime number?
True
Is 137531 composite?
True
Is 31511 prime?
True
Is 242309 a composite number?
False
Is 72613 composite?
False
Is 2321 prime?
False
Is 29501 composite?
False
Is 22739 prime?
True
Is 582317 prime?
True
Is 2456917 composite?
False
Is 539893 a prime number?
False
Is 687253 a prime number?
False
Is 19105 a composite number?
True
Is 4258 composite?
True
Is 5737 a prime number?
True
Is 3066067 a composite number?
False
Is 8663 a prime number?
True
Is 26279 prime?
False
Is 14489 composite?
False
Is 9865 a composite number?
True
Is 673769 a composite number?
False
Is 948401 a composite number?
False
Is 5807 a prime number?
True
Is 400703 prime?
True
Is 6373 a prime number?
True
Is 60829 a composite number?
True
Is 10907 a prime number?
False
Is 16879 a prime number?
True
Is 4609 composite?
True
Is 364387 composite?
True
Is 292177 prime?
False
Is 9091 composite?
False
Is 37617 prime?
False
Is 3989879 a composite number?
True
Is 9239 prime?
True
Is 61283 prime?
True
Is 1003 a prime number?
False
Is 20153 a composite number?
True
Is 223999 a prime number?
True
Is 11003 composite?
False
Is 9509 composite?
True
Is 454007 a composite number?
True
Is 2736131 a composite number?
False
Is 379 a composite number?
False
Is 8563 a prime number?
True
Is 184861 a prime number?
False
Is 800113 prime?
True
Is 12049 a prime number?
True
Is 631 prime?
True
Is 111653 prime?
True
Is 4861 prime?
True
Is 2212327 prime?
False
Is 24899 composite?
True
Is 4411 a composite number?
True
Is 6599 a composite number?
False
Is 527 a composite number?
True
Is 14881 prime?
False
Is 56831 a composite number?
True
Is 3979 prime?
False
Is 2022785 prime?
False
Is 2158229 a composite number?
True
Is 5773 composite?
True
Is 253401 a prime number?
False
Is 1325179 composite?
False
Is 2411 a composite number?
False
Is 125527 prime?
True
Is 484753 a composite number?
True
Is 11821 a prime number?
True
Is 768457 prime?
True
Is 52627 composite?
False
Is 999759 a prime number?
False
Is 145391 a composite number?
False
Is 168193 prime?
True
Is 97139 composite?
True
Is 3011 composite?
False
Is 28963 composite?
True
Is 120473 a prime number?
True
Is 96581 a prime number?
True
Is 13151 composite?
False
Is 15501 composite?
True
Is 404023 composite?
True
Is 7897 a composite number?
True
Is 14891 a prime number?
True
Is 1679 composite?
True
Is 484691 a composite number?
False
Is 30427 a composite number?
False
Is 1295861 prime?
False
Is 14591 composite?
False
Is 141259 a prime number?
False
Is 45947 composite?
True
Is 1339 a prime number?
False
Is 4981 composite?
True
Is 187 a prime number?
False
Is 87083 a composite number?
False
Is 8203 a prime number?
False
Is 65543 composite?
False
Is 141977 composite?
True
Is 477839 a prime number?
True
Is 20627 a prime number?
True
Is 491137 a prime number?
True
Is 10223 a prime number?
True
Is 334289 prime?
True
Is 75109 a composite number?
False
Is 11771 prime?
False
Is 129739 a composite number?
True
Is 65777 a composite number?
False
Is 5347 composite?
False
Is 7016389 a prime number?
True
Is 107519 prime?
False
Is 1352069 prime?
True
Is 9667 a prime number?
False
Is 503665 composite?
True
Is 329911 a prime number?
False
Is 72613 a prime number?
True
Is 2579 a prime number?
True
Is 5359 a composite number?
True
Is 144031 a prime number?
True
Is 9233 a composite number?
True
Is 42469 prime?
False
Is 6227 a prime number?
False
Is 1518137 composite?
False
Is 23117 prime?
True
Is 3269 a prime number?
False
Is 1827239 a composite number?
True
Is 142321 a composite number?
True
Is 484637 composite?
True
Is 2371 composite?
False
Is 197283 composite?
True
Is 631 a composite number?
False
Is 1046245 a composite number?
True
Is 3587 prime?
False
Is 57131 a composite number?
False
Is 1509509 a composite number?
False
Is 20701 a composite number?
True
Is 17861 prime?
False
Is 52747 prime?
True
Is 1085509 composite?
False
Is 1008305 a prime number?
False
Is 4559 a prime number?
False
Is 613559 a composite number?
False
Is 4629 a composite number?
True
Is 44923 composite?
True
Is 30883 prime?
False
Is 17729 a prime number?
True
Is 1300881 a composite number?
True
Is 4547 a composite number?
False
Is 171233 prime?
True
Is 17785 a prime number?
False
Is 1726 composite?
True
Is 262571 composite?
True
Is 11633 a prime number?
True
Is 22522 a composite number?
True
Is 15653 prime?
False
Is 61343 a prime number?
True
Is 95651 a prime number?
True
Is 226833 a prime number?
False
Is 225977 a composite number?
False
Is 82387 prime?
True
Is 3943 prime?
True
Is 19407 composite?
True
Is 53353 prime?
True
Is 68559 prime?
False
Is 44879 prime?
True
Is 12013 prime?
False
Is 368359 a prime number?
True
Is 4237 a prime number?
False
Is 86969 a composite number?
False
Is 4567 prime?
True
Is 540139 a prime number?
True
Is 12295 a prime number?
False
Is 1801 a prime number?
True
Is 2434 prime?
False
Is 4678 composite?
True
Is 36599 prime?
True
Is 94873 composite?
False
Is 291639 prime?
False
Is 1157099 composite?
False
Is 51159 a composite number?
True
Is 2859279 a prime number?
False
Is 340979 a prime number?
True
Is 15079 a prime number?
False
Is 32701 a prime number?
False
Is 24133 a prime number?
True
Is 12746 prime?
False
Is 2963743 a composite number?
False
Is 163403 a composite number?
False
Is 168887 a composite number?
False
Is 68383 a prime number?
False
Is 567082 composite?
True
Is 64049 prime?
False
Is 472729 a composite number?
True
Is 1101029 a composite number?
True
Is 55987 a composite number?
False
Is 127271 composite?
False
Is 1397 a prime number?
False
Is 16869 prime?
False
Is 4531 prime?
False
Is 7789 prime?
True
Is 193351 a composite number?
True
Is 161687 a prime number?
False
Is 907 prime?
True
Is 65909 prime?
False
Is 30949 a prime number?
True
Is 248447 a composite number?
False
Is 36647 a prime number?
False
Is 206083 prime?
True
Is 177999 a composite number?
True
Is 167114 a composite number?
True
Is 15362 a composite number?
True
Is 87749 prime?
False
Is 108529 a composite number?
False
Is 228101 prime?
False
Is 1376033 prime?
True
Is 46601 a composite number?
False
Is 256973 prime?
False
Is 22621 prime?
True
Is 167617 a prime number?
False
Is 22 prime?
False
Is 43391 composite?
False
Is 979571 prime?
False
Is 4177 a composite number?
False
Is 1061147 composite?
True
Is 1543 composite?
False
Is 14503 a composite number?
False
Is 17635 a prime number?
False
Is 122959 composite?
True
Is 56243 composite?
True
Is 69343 a composite number?
True
Is 96637 prime?
False
Is 5807 prime?
True
Is 147689 prime?
True
Is 3013 a prime number?
False
Is 47729 composite?
True
Is 70309 composite?
False
Is 32483 a composite number?
True
Is 135257 composite?
False
Is 60887 composite?
False
Is 46993 a prime number?
True
Is 66577 a prime number?
False
Is 3683 composite?
True
Is 116579 a composite number?
False
Is 27589 composite?
True
Is 1499 composite?
False
Is 42781 composite?
True
Is 685591 a prime number?
True
Is 172933 a prime number?
True
Is 574669 prime?
False
Is 17431 a prime number?
True
Is 28537 prime?
True
Is 1136337 a prime number?
False
Is 23281 prime?
False
Is 510793 a composite number?
False
Is 250717 prime?
False
Is 102841 a composite number?
False
Is 9233 a prime number?
False
Is 2053 a composite number?
False
Is 44879 composite?
False
Is 47071 a composite number?
True
Is 1185179 a prime number?
True
Is 2020817 composite?
False
Is 30377 a prime number?
False
Is 21701 composite?
False
Is 506671 prime?
False
Is 9753 composite?
True
Is 26387 composite?
False
Is 3337 composite?
True
Is 1074254 a composite number?
True
Is 155417 a composite number?
True
Is 9019 prime?
False
Is 549529 a prime number?
False
Is 6163 prime?
True
Is 5981 composite?
False
Is 133629 composite?
True
Is 157921 a composite number?
True
Is 25105 a prime number?
False
